{"id":907,"date":"2025-07-15T10:18:09","date_gmt":"2025-07-15T10:18:09","guid":{"rendered":"https:\/\/www.cosmedic-annabrandt.at\/?page_id=907"},"modified":"2026-03-29T18:11:45","modified_gmt":"2026-03-29T18:11:45","slug":"visia-gen7-deluxe-nexa-lt","status":"publish","type":"page","link":"https:\/\/www.cosmedic-annabrandt.at\/?page_id=907","title":{"rendered":"VISIA\u00ae GEN7 DELUXE &#038; NEXA LT"},"content":{"rendered":"<div class=\"fusion-fullwidth fullwidth-box fusion-builder-row-1 fusion-flex-container has-pattern-background has-mask-background nonhundred-percent-fullwidth non-hundred-percent-height-scrolling\" style=\"--awb-border-radius-top-left:0px;--awb-border-radius-top-right:0px;--awb-border-radius-bottom-right:0px;--awb-border-radius-bottom-left:0px;--awb-flex-wrap:wrap;\" ><div class=\"fusion-builder-row fusion-row fusion-flex-align-items-flex-start fusion-flex-content-wrap\" style=\"max-width:1144px;margin-left: calc(-4% \/ 2 );margin-right: calc(-4% \/ 2 );\"><div class=\"fusion-layout-column fusion_builder_column fusion-builder-column-0 fusion_builder_column_1_1 1_1 fusion-flex-column\" style=\"--awb-bg-size:cover;--awb-width-large:100%;--awb-margin-top-large:15px;--awb-spacing-right-large:1.92%;--awb-margin-bottom-large:15px;--awb-spacing-left-large:1.92%;--awb-width-medium:100%;--awb-order-medium:0;--awb-spacing-right-medium:1.92%;--awb-spacing-left-medium:1.92%;--awb-width-small:100%;--awb-order-small:0;--awb-spacing-right-small:1.92%;--awb-spacing-left-small:1.92%;\"><div class=\"fusion-column-wrapper fusion-column-has-shadow fusion-flex-justify-content-flex-start fusion-content-layout-column\"><div class=\"fusion-image-element \" style=\"--awb-caption-title-font-family:var(--h2_typography-font-family);--awb-caption-title-font-weight:var(--h2_typography-font-weight);--awb-caption-title-font-style:var(--h2_typography-font-style);--awb-caption-title-size:var(--h2_typography-font-size);--awb-caption-title-transform:var(--h2_typography-text-transform);--awb-caption-title-line-height:var(--h2_typography-line-height);--awb-caption-title-letter-spacing:var(--h2_typography-letter-spacing);\"><span class=\" fusion-imageframe imageframe-none imageframe-1 hover-type-none\"><img decoding=\"async\" width=\"2560\" height=\"1417\" title=\"VISIA &#8211; VISIA Black Logo\" src=\"https:\/\/www.cosmedic-annabrandt.at\/wp-content\/uploads\/2026\/03\/VISIA-VISIA-Black-Logo-scaled.png\" data-orig-src=\"https:\/\/www.cosmedic-annabrandt.at\/wp-content\/uploads\/2026\/03\/VISIA-VISIA-Black-Logo-scaled.png\" alt class=\"lazyload img-responsive wp-image-1417\" srcset=\"data:image\/svg+xml,%3Csvg%20xmlns%3D%27http%3A%2F%2Fwww.w3.org%2F2000%2Fsvg%27%20width%3D%272560%27%20height%3D%271417%27%20viewBox%3D%270%200%202560%201417%27%3E%3Crect%20width%3D%272560%27%20height%3D%271417%27%20fill-opacity%3D%220%22%2F%3E%3C%2Fsvg%3E\" data-srcset=\"https:\/\/www.cosmedic-annabrandt.at\/wp-content\/uploads\/2026\/03\/VISIA-VISIA-Black-Logo-200x111.png 200w, https:\/\/www.cosmedic-annabrandt.at\/wp-content\/uploads\/2026\/03\/VISIA-VISIA-Black-Logo-400x221.png 400w, https:\/\/www.cosmedic-annabrandt.at\/wp-content\/uploads\/2026\/03\/VISIA-VISIA-Black-Logo-600x332.png 600w, https:\/\/www.cosmedic-annabrandt.at\/wp-content\/uploads\/2026\/03\/VISIA-VISIA-Black-Logo-800x443.png 800w, https:\/\/www.cosmedic-annabrandt.at\/wp-content\/uploads\/2026\/03\/VISIA-VISIA-Black-Logo-1200x664.png 1200w, https:\/\/www.cosmedic-annabrandt.at\/wp-content\/uploads\/2026\/03\/VISIA-VISIA-Black-Logo-scaled.png 2560w\" data-sizes=\"auto\" data-orig-sizes=\"(max-width: 800px) 100vw, (max-width: 640px) 100vw, 1200px\" \/><\/span><\/div><div class=\"fusion-video fusion-selfhosted-video\" style=\"margin-top:30px;margin-bottom:30px;max-width:100%;\"><div class=\"video-wrapper\"><video playsinline=\"true\" width=\"100%\" style=\"object-fit: cover;\" autoplay=\"true\" muted=\"true\" loop=\"true\" preload=\"auto\" controls=\"1\"><source src=\"https:\/\/www.cosmedic-annabrandt.at\/wp-content\/uploads\/2024\/01\/VISIA-Homepage-neu.mp4\" type=\"video\/mp4\">Sorry, your browser doesn&#039;t support embedded videos.<\/video><\/div><\/div><div class=\"fusion-title title fusion-title-1 fusion-sep-none fusion-title-text fusion-title-size-one\"><h1 class=\"fusion-title-heading title-heading-left fusion-responsive-typography-calculated\" style=\"margin:0;--fontSize:106;line-height:var(--awb-typography1-line-height);\">VISIA\u00ae GEN7 DELUXE<\/h1><\/div><div class=\"fusion-text fusion-text-1\" style=\"--awb-margin-top:50px;\"><p>Das <strong>VISIA\u00ae-Hautanalysesystem der 7. Generation<\/strong> setzt neue Beratungsma\u00dfst\u00e4be in der Hautanalyse und der anschlie\u00dfenden Hautpflege. Dank eines neuen Aufnahmemoduls ist es ab sofort m\u00f6glich, hochaufl\u00f6sende Bilder von drei Seiten des Gesichts zu erstellen. Diese liefern genaue Ergebnisse sowohl von der Hautoberfl\u00e4che als auch von deren tieferen Hautschichten. Die ebenfalls neu entwickelte Software sorgt dabei f\u00fcr die schnelle Bildaufnahme mit automatischer Hauttyp-Klassifizierung und detaillierter Erkennung von Gesichtsmerkmalen.<br \/>\nJedes Hautanalyse-Ergebnis wird in Relation zu einer Vergleichsgruppe von Personen gleichen Alters und Hauttyps gesetzt. Jeder einzelne Behandlungsfortschritt kann somit einfach und verst\u00e4ndlich visualisiert werden.<\/p>\n<p>Ich verwende die VISIA Hautanalyse vor der ersten Gesichtsbehandlung, um den Anfangszustand der Haut zu dokumentieren. Dies hat folgende Vorteile: erstens kann gleich mit der zum Hautzustand passenden Behandlung gestartet werden: JetPeel, HydraFacial oder SkinPen, zweitens: das erm\u00f6glicht beim Verlauf der Kuren die Entwicklung der Hautbildverbesserung festzuhalten.<\/p>\n<p data-start=\"0\" data-end=\"318\">Die <strong data-start=\"4\" data-end=\"25\">VISIA\u00ae Hautanalyse<\/strong> von Canfield Scientific liefert somit pr\u00e4zise, computergest\u00fctzte Auswertungen zur individuellen Hautbeschaffenheit.<\/p>\n<p data-start=\"320\" data-end=\"442\">Hier sind die wichtigsten <strong data-start=\"346\" data-end=\"362\">Hautmerkmale<\/strong>, die bei einer VISIA\u00ae Hautanalyse typischerweise erfasst und ausgewertet werden:<\/p>\n<ol data-start=\"499\" data-end=\"1579\">\n<li data-start=\"499\" data-end=\"593\">\n<p data-start=\"502\" data-end=\"514\"><strong data-start=\"502\" data-end=\"512\">Falten<\/strong><\/p>\n<ul data-start=\"518\" data-end=\"593\">\n<li data-start=\"518\" data-end=\"593\">\n<p data-start=\"520\" data-end=\"593\">Sichtbare Linien und F\u00e4ltchen im Gesicht, darunter dynamische und statische Faltne, an Stirn und Augenpartie<\/p>\n<\/li>\n<\/ul>\n<\/li>\n<li data-start=\"595\" data-end=\"653\">\n<p data-start=\"598\" data-end=\"609\"><strong data-start=\"598\" data-end=\"607\">Poren<\/strong><\/p>\n<ul data-start=\"613\" data-end=\"653\">\n<li data-start=\"613\" data-end=\"653\">\n<p data-start=\"615\" data-end=\"653\">Menge, Gr\u00f6\u00dfe und Verteilung der Poren<\/p>\n<\/li>\n<\/ul>\n<\/li>\n<li data-start=\"655\" data-end=\"732\">\n<p data-start=\"658\" data-end=\"678\"><strong data-start=\"658\" data-end=\"676\">Flecken<\/strong><\/p>\n<ul data-start=\"682\" data-end=\"732\">\n<li data-start=\"682\" data-end=\"732\">\n<p data-start=\"684\" data-end=\"732\">Hyperpigmentierung, Sonnenflecken, Altersflecken, Narben, Blutgef\u00e4\u00dfe und s\u00e4mtliche Abweichungen auf der Haut, die das &#8222;makellose Porzellan-Hautbild&#8220; beeinflu\u00dfen<\/p>\n<\/li>\n<\/ul>\n<\/li>\n<li data-start=\"734\" data-end=\"828\">\n<p data-start=\"737\" data-end=\"753\"><strong data-start=\"737\" data-end=\"751\">UV-Flecken<\/strong><\/p>\n<ul data-start=\"757\" data-end=\"828\">\n<li data-start=\"757\" data-end=\"828\">\n<p data-start=\"759\" data-end=\"828\">Lichtbedingte Hautsch\u00e4den durch UV-Strahlung, die mit blo\u00dfem Auge oft unsichtbar sind<\/p>\n<\/li>\n<\/ul>\n<\/li>\n<li data-start=\"830\" data-end=\"914\">\n<p data-start=\"833\" data-end=\"847\"><strong data-start=\"833\" data-end=\"845\">R\u00f6tungen<\/strong><\/p>\n<ul data-start=\"851\" data-end=\"914\">\n<li data-start=\"851\" data-end=\"914\">\n<p data-start=\"853\" data-end=\"914\">Couperose, Gef\u00e4\u00dferweiterungen, entz\u00fcndliche Hautver\u00e4nderungen und die Entz\u00fcndungsbereitschaft der Haut<\/p>\n<\/li>\n<\/ul>\n<\/li>\n<li data-start=\"916\" data-end=\"1005\">\n<p data-start=\"919\" data-end=\"946\"><strong data-start=\"919\" data-end=\"944\">Hautstruktur (Textur)<\/strong><\/p>\n<ul data-start=\"950\" data-end=\"1005\">\n<li data-start=\"950\" data-end=\"1005\">\n<p data-start=\"952\" data-end=\"1005\">Gleichm\u00e4\u00dfigkeit der Hautoberfl\u00e4che, Gl\u00e4tte, Rauigkeit der Hautoberfl\u00e4che<\/p>\n<\/li>\n<\/ul>\n<\/li>\n<li data-start=\"1007\" data-end=\"1105\">\n<p data-start=\"1010\" data-end=\"1044\"><strong data-start=\"1010\" data-end=\"1042\">Braune Flecken (Brown Spots)<\/strong><\/p>\n<ul data-start=\"1048\" data-end=\"1105\">\n<li data-start=\"1048\" data-end=\"1105\">\n<p data-start=\"1050\" data-end=\"1105\">Pigmentansammlungen in tieferen Hautschichten (Melanin-Ablagerungen)<\/p>\n<\/li>\n<\/ul>\n<\/li>\n<li data-start=\"1107\" data-end=\"1250\">\n<p data-start=\"1110\" data-end=\"1148\"><strong data-start=\"1110\" data-end=\"1146\">Porphyrine (Bakterienr\u00fcckst\u00e4nde)<\/strong><\/p>\n<ul data-start=\"1434\" data-end=\"1579\">\n<li data-start=\"1152\" data-end=\"1250\">\n<p data-start=\"1154\" data-end=\"1250\">Stoffwechselprodukte von Bakterien in den Poren \u2013 ein Hinweis auf Unreinheiten oder Akne-Neigung, darunter der Zustand des Hautmikrobioms<\/p>\n<\/li>\n<\/ul>\n<\/li>\n<\/ol>\n<p><strong>Preis 99,- \u20ac<\/strong><\/p>\n<p>GRATIS bei anschlie\u00dfender Gesichtsbehandlung im Wert von \u00fcber 200\u20ac, beim Einkauf von Pflegeprodukten im Wert von \u00fcber 150\u20ac oder Gesamtbetrag von \u00fcber 200\u20ac.<\/p>\n<\/div><div class=\"fusion-image-carousel fusion-image-carousel-auto fusion-image-carousel-1 fusion-carousel-border\"><div class=\"awb-carousel awb-swiper awb-swiper-carousel\" data-autoplay=\"yes\" data-columns=\"2\" data-itemmargin=\"13\" data-itemwidth=\"180\" data-touchscroll=\"no\" data-imagesize=\"auto\" style=\"--awb-columns:2;\"><div class=\"swiper-wrapper awb-image-carousel-wrapper fusion-flex-align-items-center\"><div class=\"swiper-slide\"><div class=\"fusion-carousel-item-wrapper\"><div class=\"fusion-image-wrapper hover-type-none\"><img decoding=\"async\" class=\"lazyload\" src=\"data:image\/gif;base64,R0lGODlhAQABAAAAACH5BAEKAAEALAAAAAABAAEAAAICTAEAOw==\" data-orig-src=\"https:\/\/www.cosmedic-annabrandt.at\/wp-content\/uploads\/2023\/09\/B1324D6C-B274-4A0A-B79A-0931D83D0766-scaled.jpeg\" alt=\"\"\/><\/div><\/div><\/div><div class=\"swiper-slide\"><div class=\"fusion-carousel-item-wrapper\"><div class=\"fusion-image-wrapper hover-type-none\"><img decoding=\"async\" class=\"lazyload\" src=\"data:image\/gif;base64,R0lGODlhAQABAAAAACH5BAEKAAEALAAAAAABAAEAAAICTAEAOw==\" data-orig-src=\"https:\/\/www.cosmedic-annabrandt.at\/wp-content\/uploads\/2024\/09\/Visia-4.jpg\" alt=\"\"\/><\/div><\/div><\/div><div class=\"swiper-slide\"><div class=\"fusion-carousel-item-wrapper\"><div class=\"fusion-image-wrapper hover-type-none\"><img decoding=\"async\" class=\"lazyload\" src=\"data:image\/gif;base64,R0lGODlhAQABAAAAACH5BAEKAAEALAAAAAABAAEAAAICTAEAOw==\" data-orig-src=\"https:\/\/www.cosmedic-annabrandt.at\/wp-content\/uploads\/2024\/09\/Visia-1.jpg\" alt=\"\"\/><\/div><\/div><\/div><div class=\"swiper-slide\"><div class=\"fusion-carousel-item-wrapper\"><div class=\"fusion-image-wrapper hover-type-none\"><img decoding=\"async\" class=\"lazyload\" src=\"data:image\/gif;base64,R0lGODlhAQABAAAAACH5BAEKAAEALAAAAAABAAEAAAICTAEAOw==\" data-orig-src=\"https:\/\/www.cosmedic-annabrandt.at\/wp-content\/uploads\/2024\/09\/Visia-2.jpg\" alt=\"\"\/><\/div><\/div><\/div><\/div><div class=\"awb-swiper-button awb-swiper-button-prev\"><i class=\"awb-icon-angle-left\" aria-hidden=\"true\"><\/i><\/div><div class=\"awb-swiper-button awb-swiper-button-next\"><i class=\"awb-icon-angle-right\" aria-hidden=\"true\"><\/i><\/div><\/div><\/div><div ><a class=\"fusion-button button-flat fusion-button-default-size button-custom fusion-button-default button-1 fusion-button-default-span fusion-button-default-type\" style=\"--button_accent_color:var(--awb-color1);--button_accent_hover_color:var(--awb-color1);--button_border_hover_color:var(--awb-color1);--button_gradient_top_color:var(--awb-color4);--button_gradient_bottom_color:var(--awb-color4);--button_gradient_top_color_hover:hsla(var(--awb-color4-h),var(--awb-color4-s),calc(var(--awb-color4-l) - 10%),var(--awb-color4-a));--button_gradient_bottom_color_hover:hsla(var(--awb-color4-h),var(--awb-color4-s),calc(var(--awb-color4-l) - 10%),var(--awb-color4-a));width:calc(100%);\" target=\"_self\" href=\"https:\/\/connect.shore.com\/bookings\/cosmedic-anna-brandt\/direct\/c1b40d98-d7ea-4569-896b-1df48ea6a4d1?utm_source=direct-booking-service-link\"><span class=\"fusion-button-text\">Jetzt buchen<\/span><\/a><\/div><\/div><\/div><\/div><\/div>\n","protected":false},"excerpt":{"rendered":"","protected":false},"author":1,"featured_media":0,"parent":894,"menu_order":0,"comment_status":"closed","ping_status":"closed","template":"","meta":{"footnotes":""},"class_list":["post-907","page","type-page","status-publish","hentry"],"_links":{"self":[{"href":"https:\/\/www.cosmedic-annabrandt.at\/index.php?rest_route=\/wp\/v2\/pages\/907","targetHints":{"allow":["GET"]}}],"collection":[{"href":"https:\/\/www.cosmedic-annabrandt.at\/index.php?rest_route=\/wp\/v2\/pages"}],"about":[{"href":"https:\/\/www.cosmedic-annabrandt.at\/index.php?rest_route=\/wp\/v2\/types\/page"}],"author":[{"embeddable":true,"href":"https:\/\/www.cosmedic-annabrandt.at\/index.php?rest_route=\/wp\/v2\/users\/1"}],"replies":[{"embeddable":true,"href":"https:\/\/www.cosmedic-annabrandt.at\/index.php?rest_route=%2Fwp%2Fv2%2Fcomments&post=907"}],"version-history":[{"count":4,"href":"https:\/\/www.cosmedic-annabrandt.at\/index.php?rest_route=\/wp\/v2\/pages\/907\/revisions"}],"predecessor-version":[{"id":1420,"href":"https:\/\/www.cosmedic-annabrandt.at\/index.php?rest_route=\/wp\/v2\/pages\/907\/revisions\/1420"}],"up":[{"embeddable":true,"href":"https:\/\/www.cosmedic-annabrandt.at\/index.php?rest_route=\/wp\/v2\/pages\/894"}],"wp:attachment":[{"href":"https:\/\/www.cosmedic-annabrandt.at\/index.php?rest_route=%2Fwp%2Fv2%2Fmedia&parent=907"}],"curies":[{"name":"wp","href":"https:\/\/api.w.org\/{rel}","templated":true}]}}