{"id":920,"date":"2025-07-15T10:22:04","date_gmt":"2025-07-15T10:22:04","guid":{"rendered":"https:\/\/www.cosmedic-annabrandt.at\/?page_id=920"},"modified":"2026-03-01T19:26:43","modified_gmt":"2026-03-01T19:26:43","slug":"glass-skin-mochi-skin","status":"publish","type":"page","link":"https:\/\/www.cosmedic-annabrandt.at\/?page_id=920","title":{"rendered":"GenFactor\u2122 &#038; SkinPen\u00ae"},"content":{"rendered":"<p><div class=\"fusion-fullwidth fullwidth-box fusion-builder-row-1 fusion-flex-container has-pattern-background has-mask-background nonhundred-percent-fullwidth non-hundred-percent-height-scrolling\" style=\"--awb-border-radius-top-left:0px;--awb-border-radius-top-right:0px;--awb-border-radius-bottom-right:0px;--awb-border-radius-bottom-left:0px;--awb-flex-wrap:wrap;\" ><div class=\"fusion-builder-row fusion-row fusion-flex-align-items-flex-start fusion-flex-content-wrap\" style=\"max-width:1144px;margin-left: calc(-4% \/ 2 );margin-right: calc(-4% \/ 2 );\"><div class=\"fusion-layout-column fusion_builder_column fusion-builder-column-0 fusion_builder_column_1_1 1_1 fusion-flex-column\" style=\"--awb-bg-size:cover;--awb-width-large:100%;--awb-margin-top-large:15px;--awb-spacing-right-large:1.92%;--awb-margin-bottom-large:15px;--awb-spacing-left-large:1.92%;--awb-width-medium:100%;--awb-order-medium:0;--awb-spacing-right-medium:1.92%;--awb-spacing-left-medium:1.92%;--awb-width-small:100%;--awb-order-small:0;--awb-spacing-right-small:1.92%;--awb-spacing-left-small:1.92%;\"><div class=\"fusion-column-wrapper fusion-column-has-shadow fusion-flex-justify-content-flex-start fusion-content-layout-column\"><div class=\"fusion-title title fusion-title-1 fusion-sep-none fusion-title-text fusion-title-size-one\"><h1 class=\"fusion-title-heading title-heading-left fusion-responsive-typography-calculated\" style=\"margin:0;--fontSize:106;line-height:var(--awb-typography1-line-height);\">GenFactor\u2122 &amp; SkinPen\u00ae<\/h1><\/div><div class=\"fusion-text fusion-text-1\"><h4 data-start=\"229\" data-end=\"574\"><strong>Strahlende Haut durch innovative Kombinationsbehandlungen<\/strong><\/h4>\n<p data-start=\"229\" data-end=\"574\"><strong>Problemhaut &#8211; <\/strong>Fokus Hyperpigmentierungen, Narben und Unreinheiten.<\/p>\n<p data-start=\"229\" data-end=\"574\">Die einzigartige Kombination aus <strong>SkinPen\u00ae Microneedling<\/strong> und <strong data-start=\"440\" data-end=\"454\">Gen Factor\u2122<\/strong>\u00a0<strong>Produkten<\/strong> bietet eine hochwirksame Methode, um das Hautbild sichtbar zu verbessern und wieder ins Gleichgewicht zu bringen.<\/p>\n<h4 data-start=\"169\" data-end=\"224\">Warum SkinPen\u00ae Microneedling mit Gen Factor\u2122 zusammen so wirksam sind&#8230;<\/h4>\n<p data-start=\"226\" data-end=\"506\">Unsere Haut besitzt ein erstaunliches Talent: n\u00e4mlich sie kann sich selbst heilen. Genau diesen nat\u00fcrlichen Prozess machen wir uns beim <strong>SkinPen\u00ae<\/strong> <strong data-start=\"354\" data-end=\"383\">Microneedling<\/strong>\u00a0zunutze \u2013 und verst\u00e4rken ihn zus\u00e4tzlich mit <strong data-start=\"428\" data-end=\"442\">Gen Factor\u2122<\/strong>, einem innovativen Wirkstoffkomplex f\u00fcr gesunde, sch\u00f6ne Haut.<\/p>\n<h4 data-start=\"256\" data-end=\"326\">Die Phasen der Wundheilung und ihre Bedeutung beim Microneedling, unterst\u00fctzt durch den Einsatz von Gen Factor\u2122 Produkten<\/h4>\n<ol data-start=\"328\" data-end=\"2044\">\n<li data-start=\"328\" data-end=\"725\">\n<p data-start=\"331\" data-end=\"361\"><strong data-start=\"331\" data-end=\"359\">H\u00e4mostase (Blutstillung)<\/strong><\/p>\n<ul data-start=\"365\" data-end=\"725\">\n<li data-start=\"365\" data-end=\"570\">\n<p data-start=\"367\" data-end=\"570\">Unmittelbar nach dem Setzen der Mikrokan\u00e4le in die Haut beim Microneedling zieht sich das Gewebe zusammen. Blutpl\u00e4ttchen lagern sich an und es bildet sich ein Gerinnsel, das die Wunde verschlie\u00dft.<\/p>\n<\/li>\n<li data-start=\"574\" data-end=\"725\">\n<p data-start=\"576\" data-end=\"725\"><em data-start=\"579\" data-end=\"594\">Microneedling<\/em>: Durch die kontrollierten Mikroverletzungen wird genau dieser Prozess bewusst angesto\u00dfen, ohne die Haut nachhaltig zu sch\u00e4digen.<\/p>\n<\/li>\n<\/ul>\n<\/li>\n<li data-start=\"727\" data-end=\"1129\">\n<p data-start=\"730\" data-end=\"752\"><strong data-start=\"730\" data-end=\"750\">Entz\u00fcndungsphase<\/strong><\/p>\n<ul data-start=\"756\" data-end=\"1129\">\n<li data-start=\"756\" data-end=\"895\">\n<p data-start=\"758\" data-end=\"895\">Abwehrzellen wandern in das Gewebe ein, um abgestorbene Zellen und Keime zu entfernen. Es kommt zu einer leichten R\u00f6tung und Erw\u00e4rmung.<\/p>\n<\/li>\n<li data-start=\"899\" data-end=\"986\">\n<p data-start=\"901\" data-end=\"986\"><em data-start=\"904\" data-end=\"919\">Microneedling<\/em>: Diese Phase aktiviert den \u201eStartschuss\u201c f\u00fcr die Hauterneuerung.<\/p>\n<\/li>\n<li data-start=\"990\" data-end=\"1129\">\n<p data-start=\"992\" data-end=\"1129\"><em data-start=\"995\" data-end=\"1007\">Gen Factor\u2122<\/em>: Die Wirkstoffe wirken hier <strong data-start=\"1036\" data-end=\"1074\">entz\u00fcndungshemmend und regulierend<\/strong>, wodurch R\u00f6tungen und Irritationen reduziert werden.<\/p>\n<\/li>\n<\/ul>\n<\/li>\n<li data-start=\"1131\" data-end=\"1631\">\n<p data-start=\"1134\" data-end=\"1159\"><strong data-start=\"1134\" data-end=\"1157\">Proliferationsphase<\/strong><\/p>\n<ul data-start=\"1163\" data-end=\"1631\">\n<li data-start=\"1163\" data-end=\"1328\">\n<p data-start=\"1165\" data-end=\"1328\">Neue <strong data-start=\"1170\" data-end=\"1186\">Fibroblasten<\/strong> (Bindegewebszellen) bilden frisches Kollagen, Elastin und Hyalurons\u00e4ure. Blutgef\u00e4\u00dfe sprie\u00dfen, neues Gewebe f\u00fcllt die Mikroverletzungen auf.<\/p>\n<\/li>\n<li data-start=\"1332\" data-end=\"1403\">\n<p data-start=\"1334\" data-end=\"1403\"><em data-start=\"1337\" data-end=\"1352\">Microneedling<\/em>: Stimuliert diese Neubildung besonders intensiv.<\/p>\n<\/li>\n<li data-start=\"1407\" data-end=\"1631\">\n<p data-start=\"1409\" data-end=\"1631\"><em data-start=\"1412\" data-end=\"1424\">Gen Factor\u2122<\/em>: F\u00f6rdert die <strong data-start=\"1438\" data-end=\"1459\">Zellkommunikation<\/strong> und <strong data-start=\"1464\" data-end=\"1515\">beschleunigt die Neubildung gesunder Hautzellen<\/strong>, was zu einer gleichm\u00e4\u00dfigeren Regeneration f\u00fchrt (ideal gegen <strong data-start=\"1578\" data-end=\"1627\">Hyperpigmentierungen, Narben und unreine Haut<\/strong>).<\/p>\n<\/li>\n<\/ul>\n<\/li>\n<li data-start=\"1633\" data-end=\"2044\">\n<p data-start=\"1636\" data-end=\"1666\"><strong data-start=\"1636\" data-end=\"1664\">Remodelling (Umbauphase)<\/strong><\/p>\n<ul data-start=\"1670\" data-end=\"2044\">\n<li data-start=\"1670\" data-end=\"1771\">\n<p data-start=\"1672\" data-end=\"1771\">Das Gewebe reift, Kollagenfasern ordnen sich neu, und die Hautstruktur wird stabiler und glatter.<\/p>\n<\/li>\n<li data-start=\"1775\" data-end=\"1858\">\n<p data-start=\"1777\" data-end=\"1858\"><em data-start=\"1780\" data-end=\"1795\">Microneedling<\/em>: F\u00fchrt zu einer langfristigen Verbesserung der Hautqualit\u00e4t.<\/p>\n<\/li>\n<li data-start=\"1862\" data-end=\"2044\">\n<p data-start=\"1864\" data-end=\"2044\"><em data-start=\"1867\" data-end=\"1879\">Gen Factor\u2122<\/em>: Unterst\u00fctzt den <strong data-start=\"1897\" data-end=\"1924\">geordneten Umbauprozess<\/strong> \u2013 das bedeutet weniger Narbenbildung, eine gleichm\u00e4\u00dfigere Hautoberfl\u00e4che und insgesamt ein <strong data-start=\"2016\" data-end=\"2041\">verfeinertes Hautbild<\/strong>.<\/p>\n<\/li>\n<\/ul>\n<\/li>\n<\/ol>\n<p data-start=\"1409\" data-end=\"1584\"><strong data-start=\"1411\" data-end=\"1428\">Das Ergebnis:<\/strong> Weniger Pigmentflecken, verfeinerte Poren, gegl\u00e4ttete Narben und ein strahlend frisches Hautbild \u2013 ganz ohne Ausfallzeit und auf v\u00f6llig nat\u00fcrliche Weise.<\/p>\n<hr data-start=\"1586\" data-end=\"1591\" \/>\n<\/div><div class=\"fusion-image-element \" style=\"--awb-caption-title-font-family:var(--h2_typography-font-family);--awb-caption-title-font-weight:var(--h2_typography-font-weight);--awb-caption-title-font-style:var(--h2_typography-font-style);--awb-caption-title-size:var(--h2_typography-font-size);--awb-caption-title-transform:var(--h2_typography-text-transform);--awb-caption-title-line-height:var(--h2_typography-line-height);--awb-caption-title-letter-spacing:var(--h2_typography-letter-spacing);\"><span class=\" fusion-imageframe imageframe-none imageframe-1 hover-type-none\"><img decoding=\"async\" src=\"data:image\/gif;base64,R0lGODlhAQABAAAAACH5BAEKAAEALAAAAAABAAEAAAICTAEAOw==\" data-orig-src=\"https:\/\/www.cosmedic-annabrandt.at\/wp-content\/uploads\/2025\/09\/Phasen-der-Wundheilungskaskade.jpg\" alt class=\"lazyload img-responsive\"\/><\/span><\/div><div class=\"fusion-text fusion-text-2\"><h4 data-start=\"2126\" data-end=\"2161\">Die Vorteile der Kombination auf einen Blick:<\/h4>\n<ul data-start=\"2162\" data-end=\"2500\">\n<li data-start=\"2162\" data-end=\"2223\">\n<p data-start=\"2164\" data-end=\"2223\">Reduktion von <strong data-start=\"2178\" data-end=\"2202\">Hyperpigmentierungen<\/strong> und Pigmentflecken<\/p>\n<\/li>\n<li data-start=\"2224\" data-end=\"2306\">\n<p data-start=\"2226\" data-end=\"2306\">Verbesserung des Hautbildes bei <strong data-start=\"2258\" data-end=\"2268\">Narben<\/strong> (z. B. Akne- oder Operationsnarben)<\/p>\n<\/li>\n<li data-start=\"2307\" data-end=\"2356\">\n<p data-start=\"2309\" data-end=\"2356\">Regulierung und Kl\u00e4rung bei <strong data-start=\"2337\" data-end=\"2354\">unreiner Haut<\/strong><\/p>\n<\/li>\n<li data-start=\"2357\" data-end=\"2395\">\n<p data-start=\"2359\" data-end=\"2395\">Verfeinerung der <strong data-start=\"2376\" data-end=\"2393\">Porenstruktur<\/strong><\/p>\n<\/li>\n<li data-start=\"2396\" data-end=\"2434\">\n<p data-start=\"2398\" data-end=\"2434\">Strafferes, ebenm\u00e4\u00dfigeres Hautbild<\/p>\n<\/li>\n<li data-start=\"2435\" data-end=\"2500\">\n<p data-start=\"2437\" data-end=\"2500\">St\u00e4rkung der <strong data-start=\"2450\" data-end=\"2466\">Hautbarriere<\/strong> und Schutz vor Umwelteinfl\u00fcssen<\/p>\n<\/li>\n<\/ul>\n<\/div><\/div><\/div><\/div><\/div><div class=\"fusion-fullwidth fullwidth-box fusion-builder-row-2 fusion-flex-container has-pattern-background has-mask-background nonhundred-percent-fullwidth non-hundred-percent-height-scrolling\" style=\"--awb-border-radius-top-left:0px;--awb-border-radius-top-right:0px;--awb-border-radius-bottom-right:0px;--awb-border-radius-bottom-left:0px;--awb-flex-wrap:wrap;\" ><div class=\"fusion-builder-row fusion-row fusion-flex-align-items-flex-start fusion-flex-content-wrap\" style=\"max-width:1144px;margin-left: calc(-4% \/ 2 );margin-right: calc(-4% \/ 2 );\"><div class=\"fusion-layout-column fusion_builder_column fusion-builder-column-1 fusion_builder_column_1_1 1_1 fusion-flex-column\" style=\"--awb-bg-size:cover;--awb-width-large:100%;--awb-margin-top-large:15px;--awb-spacing-right-large:1.92%;--awb-margin-bottom-large:15px;--awb-spacing-left-large:1.92%;--awb-width-medium:100%;--awb-order-medium:0;--awb-spacing-right-medium:1.92%;--awb-spacing-left-medium:1.92%;--awb-width-small:100%;--awb-order-small:0;--awb-spacing-right-small:1.92%;--awb-spacing-left-small:1.92%;\"><div class=\"fusion-column-wrapper fusion-column-has-shadow fusion-flex-justify-content-flex-start fusion-content-layout-column\"><div class=\"fusion-image-element \" style=\"--awb-caption-title-font-family:var(--h2_typography-font-family);--awb-caption-title-font-weight:var(--h2_typography-font-weight);--awb-caption-title-font-style:var(--h2_typography-font-style);--awb-caption-title-size:var(--h2_typography-font-size);--awb-caption-title-transform:var(--h2_typography-text-transform);--awb-caption-title-line-height:var(--h2_typography-line-height);--awb-caption-title-letter-spacing:var(--h2_typography-letter-spacing);\"><span class=\" fusion-imageframe imageframe-none imageframe-2 hover-type-none\"><img decoding=\"async\" src=\"data:image\/gif;base64,R0lGODlhAQABAAAAACH5BAEKAAEALAAAAAABAAEAAAICTAEAOw==\" data-orig-src=\"https:\/\/www.cosmedic-annabrandt.at\/wp-content\/uploads\/2023\/10\/Post-3.2-Carousel.jpg\" alt class=\"lazyload img-responsive\"\/><\/span><\/div><\/div><\/div><div class=\"fusion-layout-column fusion_builder_column fusion-builder-column-2 fusion_builder_column_1_1 1_1 fusion-flex-column\" style=\"--awb-bg-size:cover;--awb-width-large:100%;--awb-margin-top-large:15px;--awb-spacing-right-large:1.92%;--awb-margin-bottom-large:15px;--awb-spacing-left-large:1.92%;--awb-width-medium:100%;--awb-order-medium:0;--awb-spacing-right-medium:1.92%;--awb-spacing-left-medium:1.92%;--awb-width-small:100%;--awb-order-small:0;--awb-spacing-right-small:1.92%;--awb-spacing-left-small:1.92%;\"><div class=\"fusion-column-wrapper fusion-column-has-shadow fusion-flex-justify-content-flex-start fusion-content-layout-column\"><div class=\"fusion-title title fusion-title-2 fusion-sep-none fusion-title-text fusion-title-size-one\"><h1 class=\"fusion-title-heading title-heading-left fusion-responsive-typography-calculated\" style=\"margin:0;--fontSize:106;line-height:var(--awb-typography1-line-height);\">Behandlungskuren<\/h1><\/div><div class=\"fusion-text fusion-text-3\"><p>Jede dieser Kuren behandelt je nach Bedarf entweder Pigmentflecken, Narben oder Unreinheiten und beinhaltet zum Anfang und Ende jeweils eine VISIA Hautanalyse, um den Fortschritt zu messen. Demnach wird es gemeinsam entschieden, welche Behandungsma\u00dfnahmen fortgesetzt werden, um das Ergebnis eventuell noch zu verbessern oder aufrechtzuerhalten.<\/p>\n<p><strong>SkinPen\u00ae Microneedling &amp; Gen Factor\u2122 Kur<\/strong><\/p>\n<p><strong>Preis 699\u20ac <\/strong>(174,75\u20ac pro Behandlung)<\/p>\n<p>Dauer 8 Wochen<\/p>\n<p>Behandlungen:<\/p>\n<p>2 x SkinPen\u00ae Microneedling<\/p>\n<p>2 x Gen Factor\u2122<\/p>\n<p><em>Die Behandlungen werden jeweils im Abstand von 2 Wochen durchgef\u00fchrt und finden im Wechsel statt. W\u00e4hrend der Kur werden die Gen Factor\u2122 Produkte dem jeweiligen Hautproblem (Pigmentflecken, Narben, Unreinheiten) angepasst.<\/em><\/p>\n<p><strong>Gen Factor\u2122 Kur<\/strong> (ohne Microneedling)<\/p>\n<p>4 Behandlungen <strong>Preis 539\u20ac <\/strong>(134,75\u20ac pro Behandlung)<\/p>\n<p>6 Behandlungen <strong>Preis 759\u20ac <\/strong>(126,50\u20ac pro Behandlung)<\/p>\n<p><em>Die Behandlungen werden jeweils im Abstand von 2 Wochen durchgef\u00fchrt. Es besteht die M\u00f6glichkeit, die Anzahl der Behandlungen (je nach Ergebnisverlauf) zu erh\u00f6hen. W\u00e4hrend der Kur werden die Gen Factor\u2122 Produkte dem jeweiligen Hautproblem angepasst. Dank der Vielfalt an Gen Factor\u2122 Produktpalette ist jede Kur sehr individuell und f\u00fchrt schneller zum Erfolg.<\/em><\/p>\n<p>W\u00e4hrend der gesamten Kur sind folgende Punkte zu beachten:<\/p>\n<ul>\n<li>2 Wochen davor keine Retinole mehr verwenden<\/li>\n<li>kein Sonnenbaden und kein Solarium<\/li>\n<li>hoher Lichtschutzfaktor<\/li>\n<li>5-7 Tage nach der jeweiligen Behandlung keine durchblutungsf\u00f6rdernde Sportaktivit\u00e4ten, keine Hallenb\u00e4der und Sauna<\/li>\n<li>unterst\u00fctzende Regenerationspflege f\u00fcr Zuhause<\/li>\n<li>keine Retinole<\/li>\n<li>ein schonender Allgemeinumgang mit der Haut<\/li>\n<\/ul>\n<\/div><\/div><\/div><\/div><\/div><\/p>\n","protected":false},"excerpt":{"rendered":"","protected":false},"author":1,"featured_media":0,"parent":916,"menu_order":0,"comment_status":"closed","ping_status":"closed","template":"","meta":{"footnotes":""},"class_list":["post-920","page","type-page","status-publish","hentry"],"_links":{"self":[{"href":"https:\/\/www.cosmedic-annabrandt.at\/index.php?rest_route=\/wp\/v2\/pages\/920","targetHints":{"allow":["GET"]}}],"collection":[{"href":"https:\/\/www.cosmedic-annabrandt.at\/index.php?rest_route=\/wp\/v2\/pages"}],"about":[{"href":"https:\/\/www.cosmedic-annabrandt.at\/index.php?rest_route=\/wp\/v2\/types\/page"}],"author":[{"embeddable":true,"href":"https:\/\/www.cosmedic-annabrandt.at\/index.php?rest_route=\/wp\/v2\/users\/1"}],"replies":[{"embeddable":true,"href":"https:\/\/www.cosmedic-annabrandt.at\/index.php?rest_route=%2Fwp%2Fv2%2Fcomments&post=920"}],"version-history":[{"count":6,"href":"https:\/\/www.cosmedic-annabrandt.at\/index.php?rest_route=\/wp\/v2\/pages\/920\/revisions"}],"predecessor-version":[{"id":1360,"href":"https:\/\/www.cosmedic-annabrandt.at\/index.php?rest_route=\/wp\/v2\/pages\/920\/revisions\/1360"}],"up":[{"embeddable":true,"href":"https:\/\/www.cosmedic-annabrandt.at\/index.php?rest_route=\/wp\/v2\/pages\/916"}],"wp:attachment":[{"href":"https:\/\/www.cosmedic-annabrandt.at\/index.php?rest_route=%2Fwp%2Fv2%2Fmedia&parent=920"}],"curies":[{"name":"wp","href":"https:\/\/api.w.org\/{rel}","templated":true}]}}