{"id":960,"date":"2025-07-15T10:30:04","date_gmt":"2025-07-15T10:30:04","guid":{"rendered":"https:\/\/www.cosmedic-annabrandt.at\/?page_id=960"},"modified":"2026-03-01T19:29:17","modified_gmt":"2026-03-01T19:29:17","slug":"blog","status":"publish","type":"page","link":"https:\/\/www.cosmedic-annabrandt.at\/?page_id=960","title":{"rendered":"Blog"},"content":{"rendered":"<div class=\"fusion-fullwidth fullwidth-box fusion-builder-row-1 fusion-flex-container has-pattern-background has-mask-background nonhundred-percent-fullwidth non-hundred-percent-height-scrolling\" style=\"--awb-border-radius-top-left:0px;--awb-border-radius-top-right:0px;--awb-border-radius-bottom-right:0px;--awb-border-radius-bottom-left:0px;--awb-flex-wrap:wrap;\" ><div class=\"fusion-builder-row fusion-row fusion-flex-align-items-flex-start fusion-flex-content-wrap\" style=\"max-width:1144px;margin-left: calc(-4% \/ 2 );margin-right: calc(-4% \/ 2 );\"><div class=\"fusion-layout-column fusion_builder_column fusion-builder-column-0 fusion_builder_column_1_1 1_1 fusion-flex-column\" style=\"--awb-bg-size:cover;--awb-width-large:100%;--awb-margin-top-large:15px;--awb-spacing-right-large:1.92%;--awb-margin-bottom-large:15px;--awb-spacing-left-large:1.92%;--awb-width-medium:100%;--awb-order-medium:0;--awb-spacing-right-medium:1.92%;--awb-spacing-left-medium:1.92%;--awb-width-small:100%;--awb-order-small:0;--awb-spacing-right-small:1.92%;--awb-spacing-left-small:1.92%;\"><div class=\"fusion-column-wrapper fusion-column-has-shadow fusion-flex-justify-content-flex-start fusion-content-layout-column\"><div class=\"fusion-text fusion-text-1\"><h3><strong>Die Darmflora und das Mikrobiom der Haut &#8211; das Gesundheitsorchester des K\u00f6rpers!<\/strong><\/h3>\n<\/div><div class=\"fusion-text fusion-text-2\"><p>In den letzten Jahren haben Forscher und Wissenschaftler zunehmend erkannt, wie eng unsere Darmflora mit unserer allgemeinen Gesundheit zusammenh\u00e4ngt. Besonders die Vielzahl von Mikroorganismen, die in unserem Verdauungstrakt leben, spielt hier eine zentrale Rolle. Auch die Gesundheit unseres gr\u00f6\u00dften Schutzorgans &#8211; der Haut &#8211; wird stark von diesem Mikrobiom beeinflusst.<\/p>\n<p>In diesem Blogbeitrag werfen wir einen genaueren Blick auf den Zusammenhang zwischen Darmgesundheit und Hautzustand und warum ein gesunder Darm zu einer strahlenden Haut beitragen kann.<\/p>\n<p><strong>Das Darmmikrobiom<\/strong><\/p>\n<p>Ein Mikrokosmos der Gesundheit &#8211; umfasst Billionen von Bakterien, Viren und Pilzen, die in einem komplexen \u00d6kosystem dort leben. Diese Mikroorganismen sind essenziell f\u00fcr die Verdauung, die N\u00e4hrstoffaufnahme und die Immunfunktion. Eine Zerst\u00f6rung des Mikrobioms oder ein Ungleichgewicht, die oft durch eine ungesunde Ern\u00e4hrung, Stress oder Antibiotika entstehen, k\u00f6nnen sich sehr ung\u00fcnstig auswirken und weitreichende Folgen f\u00fcr die Gesundheit haben. Was vielen jedoch unbekannt ist: Das Darmmikrobiom steht in direktem Austausch mit anderen Organen und Systemen des K\u00f6rpers, darunter auch dem sichtbarstem &#8211; der Haut. Das Ph\u00e4nomen wird auch das &#8222;Darm-Haut-Achse&#8220;-Konzept genannt und deutet darauf, dass die Gesundheit des Darms eng mit der Haut in Verbindung steht. Ist das Mikrobiom gesund, strahlt dies auch auf die Haut aus; ger\u00e4t es jedoch aus dem Gleichgewicht, kann sich dies in Hautproblemen \u00e4u\u00dfern.<\/p>\n<p><strong>Wie beeinflusst der Darm die Haut? <\/strong><\/p>\n<p>Diese Verbindung beruht auf mehreren Mechanismen:<\/p>\n<ul>\n<li><em>Entz\u00fcndungsprozesse<\/em> &#8211; ein Ungleichgewicht im Darm, so genannte Dysbiose, kann zu einer erh\u00f6hten Durchl\u00e4ssigkeit der Darmwand f\u00fchren, was oft als &#8222;Leaky Gut&#8220;-Syndrom bezeichnet wird. Dabei gelangen unerw\u00fcnschte Stoffe wie Toxine und unverdaute Nahrungspartikel in den Blutkreislauf, was Entz\u00fcndungsreaktionen im gesamten K\u00f6rper ausl\u00f6sen kann. Die Haut reagiert darauf in Form von R\u00f6tungen, Pickeln oder trockenen Stellen.<\/li>\n<li><em>Immunreaktionen<\/em> &#8211; rund 70 % des Immunsystems befindet sich im Darm. Ein gesundes Mikrobiom tr\u00e4gt dazu bei, das Immunsystem zu regulieren, um so Entz\u00fcndungen zu reduzieren. Ein unausgeglichener Darm kann jedoch zu einer \u00dcberreaktion des Immunsystems f\u00fchren, was Hautprobleme verst\u00e4rken kann.<\/li>\n<li><em>N\u00e4hrstoffversorgung<\/em> &#8211; ein gut funktionierender Darm sorgt daf\u00fcr, dass N\u00e4hrstoffe wie Vitamine, Mineralien und Antioxidantien optimal aufgenommen werden. Viele dieser N\u00e4hrstoffe, wie Zink, Vitamin A und Omega-3-Fetts\u00e4uren, sind entscheidend f\u00fcr die Hautgesundheit. Ein gest\u00f6rtes Mikrobiom kann die Aufnahme dieser wichtigen Stoffe beeintr\u00e4chtigen, was eine Unterversorgung der Haut mit diesen Mikroelementen verursachen kann.<\/li>\n<li><em>Hormonhaushalt<\/em> &#8211; der Darm spielt auch eine Rolle bei der Regulation des Hormonhaushalts. Ein unausgeglichener Darm kann den Hormonstoffwechsel st\u00f6ren, was sich auf die Talgproduktion und die Entstehung von unerw\u00fcnschten Unreinheiten auswirken kann.<\/li>\n<\/ul>\n<\/div><\/div><\/div><div class=\"fusion-layout-column fusion_builder_column fusion-builder-column-1 fusion_builder_column_1_1 1_1 fusion-flex-column\" style=\"--awb-bg-size:cover;--awb-width-large:100%;--awb-margin-top-large:15px;--awb-spacing-right-large:1.92%;--awb-margin-bottom-large:15px;--awb-spacing-left-large:1.92%;--awb-width-medium:100%;--awb-order-medium:0;--awb-spacing-right-medium:1.92%;--awb-spacing-left-medium:1.92%;--awb-width-small:100%;--awb-order-small:0;--awb-spacing-right-small:1.92%;--awb-spacing-left-small:1.92%;\"><div class=\"fusion-column-wrapper fusion-column-has-shadow fusion-flex-justify-content-flex-start fusion-content-layout-column\"><div class=\"fusion-text fusion-text-3\" style=\"--awb-margin-top:30px;\"><h3><strong>Gesunde Darmflora\/Darmmikrobiom<\/strong><\/h3>\n<\/div><div class=\"fusion-image-element \" style=\"--awb-margin-top:10px;--awb-caption-title-font-family:var(--h2_typography-font-family);--awb-caption-title-font-weight:var(--h2_typography-font-weight);--awb-caption-title-font-style:var(--h2_typography-font-style);--awb-caption-title-size:var(--h2_typography-font-size);--awb-caption-title-transform:var(--h2_typography-text-transform);--awb-caption-title-line-height:var(--h2_typography-line-height);--awb-caption-title-letter-spacing:var(--h2_typography-letter-spacing);\"><span class=\" fusion-imageframe imageframe-none imageframe-1 hover-type-none\"><img decoding=\"async\" src=\"data:image\/gif;base64,R0lGODlhAQABAAAAACH5BAEKAAEALAAAAAABAAEAAAICTAEAOw==\" data-orig-src=\"https:\/\/www.cosmedic-annabrandt.at\/wp-content\/uploads\/2024\/09\/Gesundes-Darmmikrobiom.jpg\" alt class=\"lazyload img-responsive\"\/><\/span><\/div><div class=\"fusion-text fusion-text-4\" style=\"--awb-margin-top:30px;\"><h3><strong>Gest\u00f6rte Darmflora\/Darmmikrobiom<\/strong><\/h3>\n<\/div><div class=\"fusion-image-element \" style=\"--awb-margin-top:10px;--awb-caption-title-font-family:var(--h2_typography-font-family);--awb-caption-title-font-weight:var(--h2_typography-font-weight);--awb-caption-title-font-style:var(--h2_typography-font-style);--awb-caption-title-size:var(--h2_typography-font-size);--awb-caption-title-transform:var(--h2_typography-text-transform);--awb-caption-title-line-height:var(--h2_typography-line-height);--awb-caption-title-letter-spacing:var(--h2_typography-letter-spacing);\"><span class=\" fusion-imageframe imageframe-none imageframe-2 hover-type-none\"><img decoding=\"async\" src=\"data:image\/gif;base64,R0lGODlhAQABAAAAACH5BAEKAAEALAAAAAABAAEAAAICTAEAOw==\" data-orig-src=\"https:\/\/www.cosmedic-annabrandt.at\/wp-content\/uploads\/2024\/09\/Dysbiose.jpg\" alt class=\"lazyload img-responsive\"\/><\/span><\/div><div style=\"text-align:center;\"><a class=\"fusion-button button-3d fusion-button-default-size button-custom fusion-button-default button-1 fusion-button-default-span fusion-has-button-gradient\" style=\"--button_accent_color:var(--awb-color1);--button_accent_hover_color:var(--awb-color1);--button_border_hover_color:var(--awb-color1);--button-border-radius-top-left:10px;--button_gradient_top_color:#4fefdf;--button_gradient_bottom_color:rgba(232,113,83,0.65);--button_gradient_top_color_hover:hsla(var(--awb-color4-h),var(--awb-color4-s),calc(var(--awb-color4-l) - 10%),var(--awb-color4-a));--button_gradient_bottom_color_hover:hsla(var(--awb-color4-h),var(--awb-color4-s),calc(var(--awb-color4-l) - 10%),var(--awb-color4-a));--button_margin-top:30px;width:calc(100%);\" target=\"lightbox\" rel=\"iLightbox\" role=\"button\" href=\"https:\/\/www.u-fit.at\/\"><span class=\"fusion-button-text\">Fragen zu Deiner DARM-Gesundheit? Klick hier:<\/span><\/a><\/div><div class=\"fusion-text fusion-text-5\" style=\"--awb-margin-top:30px;\"><p><strong>Das Mikrobiom der Haut<\/strong><\/p>\n<p>Genau gleich wie der Darm besitzt auch unsere Haut ihr eigenes Mikrobiom, das f\u00fcr die Aufrechterhaltung einer gesunden Haut entscheidend ist. Diese Mikroorganismen sch\u00fctzen die Hautbarriere vor sch\u00e4dlichen Erregern und helfen, die Funktionen der Haut als Schutzorgan aufrechtzuerhalten.<\/p>\n<p>Durch sorgsam durchdachte Behandlungskonzepte und gezielte Hautpflege k\u00f6nnen wir diese Mikroorganismen in ihrer Aufgabe unterst\u00fctzen, indem wir folgende Prozesse positiv steuern:<\/p>\n<ul>\n<li>ausreichend viel Feuchtigkeit spenden &#8211; die Haut bleibt geschmeidig; daf\u00fcr sorgen intensive Wirkstoffe, darunter Hyalurons\u00e4ure, Vitamine B, Antioxidantien und hauteigene Ceramide, die sowohl bei einer JetPeel Behandlung als auch bei der INFUZION\u00ae Anwendung der Haut sorgsam hinzugef\u00fcgt werden<\/li>\n<li>Reduzierung von Fettproduktion &#8211; die Poren bleiben fein; hier eignet sich die HydraFacial\u00ae Behandlung hervorragend, indem dren L\u00f6sungen die Talgablagerungen aus den Poren intensiv &#8222;aussp\u00fclen&#8220;<\/li>\n<li>Regulierung des ph-Managements &#8211; die &#8222;b\u00f6sen&#8220; Bakterien bleiben unaktiv; eine regelm\u00e4\u00dfige (t\u00e4gliche) Reinigung der Haut mit ph-regulierenden Pr\u00e4paraten sorgt bei jeder Haut f\u00fcr ein Gleichgewicht des Hautmikrobioms<\/li>\n<li>wenig Verhornung\u00a0 &#8211; die Hautoberfl\u00e4che bleibt glatt; regelm\u00e4\u00dfige Kosmetikbehandlungen im Kosmetikinstitut wie HydraFacial oder JetPeel sowie sanfte Peelings zuhause, die 2-3 mal pro Woche zus\u00e4tzlich durchgef\u00fchrt werden, k\u00f6nnen die Bildung von \u00fcbersch\u00fcssiger Verhornung auf der Haut unterbinden<\/li>\n<li>eine gute Entschlackung &#8211; die Haut bleibt unbelastet; Lymphdrainage, die der erste Schritt bei einer JetPeel Behandlung darstellt und die sanfte ber\u00fchrungsfreie Luft-Wasser-Gemisch Massage sorgen f\u00fcr eine sehr gute Mikrozirkulation in der Haut, auch das Vakuum von HydraFacial\u00ae oder die Stromimpulse beim INFUZION\u00ae System tragen zu einer Entschlackung des Haut bei<\/li>\n<\/ul>\n<\/div><div class=\"fusion-text fusion-text-6\" style=\"--awb-margin-top:50px;\"><h3><strong>Gesunde Haut\/Gesundes Hautmikrobiom<\/strong><\/h3>\n<\/div><div class=\"fusion-image-element \" style=\"--awb-margin-top:10px;--awb-caption-title-font-family:var(--h2_typography-font-family);--awb-caption-title-font-weight:var(--h2_typography-font-weight);--awb-caption-title-font-style:var(--h2_typography-font-style);--awb-caption-title-size:var(--h2_typography-font-size);--awb-caption-title-transform:var(--h2_typography-text-transform);--awb-caption-title-line-height:var(--h2_typography-line-height);--awb-caption-title-letter-spacing:var(--h2_typography-letter-spacing);\"><span class=\" fusion-imageframe imageframe-none imageframe-3 hover-type-none\"><img decoding=\"async\" src=\"data:image\/gif;base64,R0lGODlhAQABAAAAACH5BAEKAAEALAAAAAABAAEAAAICTAEAOw==\" data-orig-src=\"https:\/\/www.cosmedic-annabrandt.at\/wp-content\/uploads\/2024\/09\/Gesundes-Hautmikrobiom.jpg\" alt class=\"lazyload img-responsive\"\/><\/span><\/div><div class=\"fusion-text fusion-text-7\" style=\"--awb-margin-top:30px;\"><h3><strong>Gest\u00f6rte Hautgesundheit\/Hautmikrobiom<\/strong><\/h3>\n<\/div><div class=\"fusion-image-element \" style=\"--awb-margin-top:10px;--awb-caption-title-font-family:var(--h2_typography-font-family);--awb-caption-title-font-weight:var(--h2_typography-font-weight);--awb-caption-title-font-style:var(--h2_typography-font-style);--awb-caption-title-size:var(--h2_typography-font-size);--awb-caption-title-transform:var(--h2_typography-text-transform);--awb-caption-title-line-height:var(--h2_typography-line-height);--awb-caption-title-letter-spacing:var(--h2_typography-letter-spacing);\"><span class=\" fusion-imageframe imageframe-none imageframe-4 hover-type-none\"><img decoding=\"async\" src=\"data:image\/gif;base64,R0lGODlhAQABAAAAACH5BAEKAAEALAAAAAABAAEAAAICTAEAOw==\" data-orig-src=\"https:\/\/www.cosmedic-annabrandt.at\/wp-content\/uploads\/2024\/09\/Gestoerte-Hautbarriere.jpg\" alt class=\"lazyload img-responsive\"\/><\/span><\/div><div style=\"text-align:center;\"><a class=\"fusion-button button-3d fusion-button-default-size button-custom fusion-button-default button-2 fusion-button-default-span fusion-has-button-gradient\" style=\"--button_accent_color:var(--awb-color1);--button_accent_hover_color:var(--awb-color1);--button_border_hover_color:var(--awb-color1);--button-border-radius-top-left:10px;--button_gradient_top_color:#4fefdf;--button_gradient_bottom_color:rgba(232,113,83,0.65);--button_gradient_top_color_hover:hsla(var(--awb-color4-h),var(--awb-color4-s),calc(var(--awb-color4-l) - 10%),var(--awb-color4-a));--button_gradient_bottom_color_hover:hsla(var(--awb-color4-h),var(--awb-color4-s),calc(var(--awb-color4-l) - 10%),var(--awb-color4-a));--button_margin-top:50px;width:calc(100%);\" target=\"lightbox\" rel=\"iLightbox\" role=\"button\" href=\"https:\/\/connect.shore.com\/bookings\/cosmedic-anna-brandt\/direct\/c1b40d98-d7ea-4569-896b-1df48ea6a4d1?utm_source=direct-booking-service-link\"><span class=\"fusion-button-text\">Fragen zu Deiner HAUT-Gesundheit? Klick hier:<\/span><\/a><\/div><div class=\"fusion-text fusion-text-8\" style=\"--awb-margin-top:30px;\"><p><strong>Zusammenfassung<\/strong><\/p>\n<p>Wie man sieht, gibt es heutzutage zahlreiche Behandlungs- und Hautpflegem\u00f6glichkeiten sowohl im Kosmetikinstitut als auch f\u00fcr die Kundin zuhause, um das Hautmikrobiom von au\u00dfen zu st\u00e4rken. Ob es ein mildes Abs\u00e4uern, sanftes Peelen oder intensive N\u00e4hstoffversorgung sein soll, findet eine professionelle medical beauty Kosmetikerin f\u00fcr jede Haut eine passende L\u00f6sung. Werden alle Prozesse der Haut durch die Unterst\u00fctzung des gesunden Mikrobioms positiv beeinflu\u00dft, strahlt die Haut im wahrsten Sinne des Wortes in ihrem sch\u00f6nsten Glow!<\/p>\n<p>So zeigen auch s\u00e4mtliche Studien, dass sowohl das Darmmikrobiom als auch das Hautmikrobiom &#8222;miteinander kommunizieren&#8220; und sich gegenseitig beeinflussen. Wenn das Darmmikrobiom gest\u00f6rt ist, kann dies zu einem Ungleichgewicht im Hautmikrobiom f\u00fchren. Deshalb arbeiten heutzutage viele Experten miteinander, um die besten Ergebnisse in beiden Bereichen zu erreichen und am schnellsten ans Ziel zu kommen!<\/p>\n<p>Ich arbeite hier mit einer namhaften Ern\u00e4hrungswissenschaftlerin und Personaltrainerin Mag. Karin Pauer.<\/p>\n<\/div><\/div><\/div><\/div><\/div>\n","protected":false},"excerpt":{"rendered":"","protected":false},"author":1,"featured_media":0,"parent":958,"menu_order":0,"comment_status":"closed","ping_status":"closed","template":"","meta":{"footnotes":""},"class_list":["post-960","page","type-page","status-publish","hentry"],"_links":{"self":[{"href":"https:\/\/www.cosmedic-annabrandt.at\/index.php?rest_route=\/wp\/v2\/pages\/960","targetHints":{"allow":["GET"]}}],"collection":[{"href":"https:\/\/www.cosmedic-annabrandt.at\/index.php?rest_route=\/wp\/v2\/pages"}],"about":[{"href":"https:\/\/www.cosmedic-annabrandt.at\/index.php?rest_route=\/wp\/v2\/types\/page"}],"author":[{"embeddable":true,"href":"https:\/\/www.cosmedic-annabrandt.at\/index.php?rest_route=\/wp\/v2\/users\/1"}],"replies":[{"embeddable":true,"href":"https:\/\/www.cosmedic-annabrandt.at\/index.php?rest_route=%2Fwp%2Fv2%2Fcomments&post=960"}],"version-history":[{"count":16,"href":"https:\/\/www.cosmedic-annabrandt.at\/index.php?rest_route=\/wp\/v2\/pages\/960\/revisions"}],"predecessor-version":[{"id":1362,"href":"https:\/\/www.cosmedic-annabrandt.at\/index.php?rest_route=\/wp\/v2\/pages\/960\/revisions\/1362"}],"up":[{"embeddable":true,"href":"https:\/\/www.cosmedic-annabrandt.at\/index.php?rest_route=\/wp\/v2\/pages\/958"}],"wp:attachment":[{"href":"https:\/\/www.cosmedic-annabrandt.at\/index.php?rest_route=%2Fwp%2Fv2%2Fmedia&parent=960"}],"curies":[{"name":"wp","href":"https:\/\/api.w.org\/{rel}","templated":true}]}}